is the tens digit of (6 - y)/(2/(-3))?
4
Let a be (3 - 3 - (1 + -3)) + 13. What is the hundreds digit of 4295/a - (-2)/(-6)?
2
Suppose 0 = 5*z - 5*y - 86834 + 2114, 4*z = -3*y + 67741. What is the hundreds digit of z?
9
Suppose -4*h - 5 = -3*h - 2*g, 0 = 5*h - 5*g + 10. Suppose 4*d + z - 118 = 0, -115 = -4*d - 2*z + h. Suppose -22 = -m + d. What is the tens digit of m?
5
Let k(d) = -25*d**2 - 11 - d**3 - 41*d - 7*d**2 - 39. What is the hundreds digit of k(-31)?
2
Suppose 643830 = 75*w - 479895. What is the tens digit of w?
8
Suppose -9*j + 73*j = 473152. What is the units digit of j?
3
What is the tens digit of ((-4549572)/(-11610))/((-4)/(-30))?
3
Suppose -2*a + 2657155 + 6094055 = 193*a. What is the ten thousands digit of a?
4
Let d = -4702 - -11868. What is the tens digit of d?
6
Let m(b) = b**3 + 22*b**2 - 4*b - 199. What is the thousands digit of m(-10)?
1
Let d(b) = 3275*b - 925. What is the tens digit of d(14)?
2
Let p(h) = 3*h + 148. Let o(c) = 3*c**2 + 21*c + 4. Let w be o(-5). What is the tens digit of p(w)?
7
Let w = 11 + -12. Let u be (w/(-2))/((-7)/(-294)). Let d = u + -5. What is the units digit of d?
6
Suppose 5*p = 5, 6*d - 5*p = -10722 + 50095. What is the units digit of d?
3
Let z = 152 + -150. Suppose 1508 = -4*a - 5*u, -z*a - 118 - 650 = -u. What is the tens digit of a/(-6) + -3*(-3)/27?
6
Suppose 24 = 3*m - 2*z, -z - 4 = -m + 5. Suppose 0 = m*s - 221 - 967. What is the units digit of s?
8
Let o(g) = -22*g. Let v(d) = d. Let j(u) = -o(u) - 11*v(u). Let f(n) = -n + 1. Let k(m) = f(m) + j(m). What is the units digit of k(7)?
1
What is the thousands digit of (35/10 + (-16)/(-96))*282?
1
Let k = 173 + -361. Let q = -63 - k. Suppose 0 = -2*w, 5*w - q = -4*a + 3*a. What is the hundreds digit of a?
1
What is the ten thousands digit of 6573*11/132*20?
1
Let y(n) be the third derivative of 79*n**5/15 - 7*n**4/24 + 4*n**3/3 + 96*n**2. What is the hundreds digit of y(1)?
3
Let n(d) = d**3 + 26*d**2 - 96*d + 64. What is the thousands digit of n(-23)?
3
Suppose -7*c = -i - 2*c + 27, -2*c = 5*i. Let z(f) = -19*f**2 - 3*f - f**3 + 6*f**i - 6 + 3 + 15. What is the units digit of z(-13)?
1
Let r = 61022 + -34985. What is the tens digit of r?
3
Let p be 1/(30/(-260)*(-4)/6). Suppose 3*f = p*f - 50. Suppose 160 = 3*k - 0*k + 5*j, j - 230 = -f*k. What is the tens digit of k?
4
What is the tens digit of (-13 + -1341)/((-13)/(-24) - (-8)/(-12))?
3
Suppose 5*h + 3*q + 77744 = 270392, -q + 38532 = h. What is the tens digit of h?
2
Let y(d) = 18*d**2 - 5*d + 32. Let n(u) = u**3 + 8*u**2 + 13*u + 11. Let l be n(-6). What is the tens digit of y(l)?
5
Let g = 100 + -84. What is the hundreds digit of (-85)/((-9)/((-180)/g) + -1)?
4
Let i(j) = -3443*j**3 + 2*j - 3. What is the tens digit of i(-1)?
3
Let c = 38163 + -9170. What is the hundreds digit of c?
9
Suppose 3*q + 2*v = 6*v + 56, 4*q = 2*v + 58. What is the tens digit of 439 + (-9)/q + (-2)/8?
3
Let n = 175 - 147. Suppose 0 = z - 0*z - n. What is the units digit of z?
8
Suppose 0 = -5*t + 4*g - 9 - 0, 0 = 3*t - 3*g + 6. Let h be ((3 - 3) + t)/(2/(-4)). Suppose h*k - 139 = 61. What is the tens digit of k?
0
Suppose 16 = -4*y - 4*q, -5*y + 2*q - 9 + 3 = 0. Let h(f) = -1 - f**2 + f + 2*f**2 - 2*f**2 - 11*f**3. What is the tens digit of h(y)?
8
Suppose -5*d = -5*w + 40, -2*w + 4*d + 12 = -0. Let q(p) = p**3 - 4*p**2 + 7*p + 65. What is the tens digit of q(w)?
3
Let a be 1/(22672/4536 + -5). Let d = 228 - a. What is the units digit of d?
5
Suppose 6*m + 180 = 12*m. Suppose 4*l - 1890 = -m. Suppose -4*r + l = -r. What is the hundreds digit of r?
1
Suppose -18 = 5*j + h - 0, -3*h = 5*j + 24. Let c(q) = -44*q + 22. What is the units digit of c(j)?
4
Let b = -25143 + 46199. What is the units digit of b?
6
Let s be 15/(-20) + (-205)/4. Let m = s - -54. Suppose 5*u - 4*x + m - 293 = 0, 4*u = -3*x + 208. What is the tens digit of u?
5
Suppose 41976 = x - 2*v, -5*x + 209776 = -6*v + 9*v. What is the ten thousands digit of x?
4
Let c be 1/(-6) + 48210/(-180). Let d = -73 - c. Suppose 0 = 4*y - d - 569. What is the hundreds digit of y?
1
Suppose 5*u = 20*o - 17*o + 232, -56 = -u + 3*o. Suppose 5*i + 18 = -r + 51, -2*r = -i - u. What is the units digit of r?
3
Suppose -c = -69 - 32. Let i(n) = -94*n - 5. Let y be i(-2). Let h = y - c. What is the units digit of h?
2
Suppose -31*v = -153 - 7039. Let q(y) = 2*y + 1. Let o be q(2). Suppose o*x - v = 88. What is the tens digit of x?
6
What is the tens digit of (-4 - 270/(-75)) + (-21832)/(-5)?
6
Let o(k) = 255*k**3 + 4*k**2 + 4*k + 6. What is the units digit of o(3)?
9
Suppose 8*l - 23 = -4*s + 3*l, 4*s = l + 5. Let k(o) = 8*o**3 - 5 - 10*o**3 + 2*o**2 + s*o + 3. What is the tens digit of k(-2)?
1
Let f be (-1 - -2)*(8 + -1). Suppose -f*u + 6517 = -1610. What is the thousands digit of u?
1
Let d(z) = z**3 - z**2 - 3*z - 2. Let x be d(-2). Let q be ((-4)/(-3))/(x/(-18)). What is the units digit of (-2 - (-28)/(-3))/((-2)/q)?
7
Let l(m) = 0*m - 2*m**2 - 1028*m**3 - m + 7 + 975*m**3. What is the thousands digit of l(-3)?
1
Suppose -18 = -3*q, -21*q + 22*q + 103359 = 5*m. What is the hundreds digit of m?
6
Let s = -90 + 94. What is the hundreds digit of (2*s/24)/(2/1650)?
2
What is the units digit of (-11)/((-308)/1461950) + -17 - (-3)/2?
7
Suppose -185*u + 188*u - 13959 = 13971. What is the hundreds digit of u?
3
Suppose -60 = a - 11*a. Suppose 7*j - 2*j - 7 = -2*c, a = -2*j - 3*c. Suppose j*t = -5*x - t - 15, 3*x + 5*t + 22 = 0. What is the units digit of x?
1
Suppose -5*a - 3729 - 96 = -3*g, 5*g = 5*a + 3815. What is the hundreds digit of ((-12)/18 - 0)*a?
5
Let o(r) = 11*r - 3. Let j be o(-1). Let x = j + 5. What is the tens digit of ((-282)/18)/(3/x)?
4
Suppose -l - 5*v + 4473 = 0, 4943 = l - 2*v + 477. What is the units digit of l?
8
Suppose 19 = -5*c - m - 13, 0 = -4*c + 3*m - 37. Let s = c + -30. Let f = 60 + s. What is the units digit of f?
3
Suppose -k = -5*j - 49, k = -3*j + 2*j - 5. Suppose 1250 + 1588 = -6*m. What is the units digit of m/(-3) - (39/j + 4)?
8
What is the thousands digit of -8*((-10)/(-65) - 30370/13)?
8
Suppose -15*y - 2 = -16*y. Suppose -5*b = -4*d - 4878 + 248, -5*b - y*d = -4600. What is the units digit of b?
2
Let o(s) = 1215*s**2 + 3*s - 47. What is the thousands digit of o(-3)?
0
Suppose -4*x + 2*x + 19*x - 670684 = 0. What is the tens digit of x?
5
Suppose -4*d - 30850 = -2*x, 42*x + 2*d - 15429 = 41*x. What is the units digit of x?
7
Suppose r = -3*r - 3*b + 7494, 2*r - 2*b - 3740 = 0. Suppose 3*a = -d - 3*d + 3718, -5*a - r = -2*d. What is the tens digit of d?
3
Let d be (-4 + -2 + 515)*4/(-4). Let b = 170 + d. Let f = b - -533. What is the tens digit of f?
9
Suppose 23 - 5 = k. Suppose -w = -3*x + 6, 3*w = -0*x - 5*x - k. What is the units digit of (w/5)/(3/(-80))?
2
Suppose 530*a - 96*a + 197*a = 14031547. What is the hundreds digit of a?
2
Let n(s) = 147*s**2 + 9*s - 21. Let p be n(2). Suppose 1143 = 9*a - p. What is the tens digit of a?
9
What is the hundreds digit of ((-6012)/(-12))/((2/(-424) + 0)*-6)?
7
Let w = -3451 - -17880. What is the thousands digit of w?
4
Let n(x) = 188*x**2 - 65*x + 435. What is the units digit of n(10)?
5
Let k be 130/18 - ((-32)/(-72))/2. What is the tens digit of ((-26370)/315)/((-1)/k)?
8
Let x(u) be the first derivative of 122*u**3/3 + 4*u**2 + 9*u - 1. What is the tens digit of x(-2)?
8
Suppose 106*t = 124*t - 105105 + 36939. What is the thousands digit of t?
3
Suppose -3*g - 4 + 4 = 0. Let f(t) = t**2 + 2*t + 190. What is the units digit of f(g)?
0
What is the thousands digit of (-2)/(-16) + (-2 - 2) + 483450/48?
0
Let q(g) = 42313*g + 2483. What is the thousands digit of q(1)?
4
Let l(w) = 13*w**3 + 12*w**2 - 4*w + 7. Let h(q) = -7*q**3 - 6*q**2 + 2*q - 4. Let g(f) = -7*h(f) - 4*l(f). What is the tens digit of g(-4)?
8
Let h = -5841 + 20945. What is the ten thousands digit of h?
1
Let y(z) be the first derivative of 19*z**3/3 - 21*z**2 - 208*z - 125. What is the tens digit of y(-6)?
2
Let a(g) = -35*g - 737. Let d be a(-21). Suppose -1 = -3*m + 17. What is the units digit of ((9/d)/3)/(m/(-284))?
1
Suppose -5*c - o + 116339 = -54965, 4*c + 3*o = 137041. What is the hundreds digit of c?
2
Let u be (0/(4/(-1)))/(-2). Suppose -12 = -4*q - 0*q, u = -3*n - 3*q + 10557. Suppose 3*l + 9*l = n. Wh